5 + -2. Let o = b - 488. Is o a composite number?
True
Let l be (-96)/2 + (-1 - 3). Let f = l + 107. Is f a prime number?
False
Let f = -72 - -79. Suppose f*a - 20*a = -11869. Is a a prime number?
False
Suppose 942459 = 32*n - 308261. Is n a prime number?
False
Let g(o) = o**3 - 10*o**2 + o - 6. Let b be g(10). Suppose 1 = -3*q + p + 5, 4*p = -5*q + 35. Suppose 4*m - b*n = q*m + 43, 0 = -5*n. Is m a composite number?
False
Suppose -206583 = 32*c - 45*c. Is c prime?
False
Let m = 15765 + -9986. Is m prime?
True
Let i = 111741 + -58934. Is i composite?
False
Let y(r) = 22*r**2 + 3*r - 35. Is y(8) prime?
False
Suppose 65 = -0*q + 5*q. Suppose n - q = 105. Is n prime?
False
Let d = 25 + -23. Let x(m) = 33*m**2 + 2*m - 2. Let h be x(d). Is h/6*(-5 - -20) prime?
False
Suppose l + 15*q = 18*q + 40924, q = -4*l + 163631. Is l composite?
True
Suppose -4*b + 0*b = -124. Let w = -224 + b. Let n = -110 - w. Is n a composite number?
False
Suppose -161*h + 157*h + 29932 = 0. Is h a composite number?
True
Let t be (-255)/(-1) - (-6 + 42/7). Suppose 71*w = 66*w + t. Is w composite?
True
Is 22/22*-2*82281/(-6) composite?
False
Let r = -67 + 758. Is r composite?
False
Let b = 69 - -4. Let d be ((-4)/3)/(3/90). Let s = d + b. Is s a prime number?
False
Let v = 2949 - 2012. Is v composite?
False
Let m(w) = 1060*w + 333. Is m(7) prime?
True
Is -73 - -74 - (39 - -1)*-12 a composite number?
True
Let m = -77 - -216. Is m a prime number?
True
Let b = 26 + -23. Is b - (-366 + -1 + -1) a prime number?
False
Let l = -178 - -370. Suppose 99 + 151 = -2*p. Let q = l - p. Is q a composite number?
False
Let k = 9 - -51. Let g = k - 9. Is g - (1 - (-4)/4) a composite number?
True
Let q(r) = 187*r + 62. Is q(3) a prime number?
False
Let a be (-2 - 8)/(-3 + 1). Let p be (0/2)/(5/a). Suppose -t - 4 + p = 0, -t + 402 = 2*h. Is h composite?
True
Suppose 4*a + 0 = 16. Let g = 792 + -474. Is (g/a)/(9/18) prime?
False
Let n(x) = -x**3 - 11*x**2 - 11*x - 5. Let t be n(-10). Suppose t*p - 3*p + 56 = 4*b, 3*b - 2*p = 40. Suppose c - 28 = -3*s, -2*c - s + 25 = -b. Is c composite?
False
Suppose 7*b = 5*b - 10. Let j(c) = c**3 + 4*c**2 - 4*c - 7. Let g be j(b). Let m = -8 - g. Is m composite?
True
Suppose m + 3*r - 13239 = 18884, -32119 = -m - r. Is m composite?
False
Is -526*(-753)/(-4)*4/(-6) prime?
False
Let i(q) = -1319*q - 211. Is i(-18) prime?
True
Suppose 0 = 2*s + 7*q - 8*q - 2830, 2*s + q = 2838. Is s composite?
True
Let w be (-34)/(-10) - (-4)/(-10). Suppose -5*y + 3*u + 717 = -y, -3*u = 9. Suppose w*z - y = -0*z + 5*h, 2*z + 3*h - 118 = 0. Is z a composite number?
False
Suppose 3*f + f = 128. Suppose 2*y - 726 = f. Is y composite?
False
Let d(h) be the first derivative of h**3/3 - 13*h**2/2 + 1141*h + 51. Is d(0) prime?
False
Let g be 3*(1 + 4 + -2). Suppose -g*w = -14*w. Suppose w*r - 4*r = -452. Is r a composite number?
False
Let v = 9 + -23. Let j be (-425)/(-2) + v/(-28). Suppose a + j = 3*g, 0 = -2*g + 2*a + 147 - 5. Is g a composite number?
False
Is ((-2)/(-2))/(1/7855) a composite number?
True
Let c be -4306*((-10)/12 - (-20)/15). Let t be 1/(-1) + (3317 - 0). Let p = t + c. Is p a prime number?
True
Let t be (-38)/(-18)*3 - (-1)/(-3). Suppose -t*n + 7*n - 3 = 0. Is n prime?
True
Is ((-133)/14 + 10)*(-3 + 62173) composite?
True
Let g(a) = 19*a**2 + a + 2. Let l be g(-1). Suppose 2*n - 7*n = -l. Suppose 2*x = 2*t + 548, -9*x - n*t + 1325 = -4*x. Is x composite?
False
Suppose 2*m = -3*l, 2*m = 7*m + 3*l. Suppose 4*u - 2426 + 510 = m. Is u a prime number?
True
Let h(c) = -c + 7. Let x be 136/14 + 16/56. Let n be h(x). Is (-5)/((-15)/(-709))*n a composite number?
False
Let l(h) = 2737*h + 192. Is l(13) prime?
False
Let q(i) = -3*i + 45. Let x be q(14). Is 499 + (-1)/(x/(-9)) a composite number?
True
Suppose -27*p + 2*p = -499225. Is p a prime number?
False
Is (60 + -57)*((-9094)/3)/(-2) composite?
False
Let j(m) = m**3 + 5*m**2 + 2. Let n be j(-5). Suppose n*i - 28 = 970. Is i composite?
False
Suppose -3*g + 6 = -6. Suppose g*s + 3 = v, 4*v + 17 = 4*s - v. Is 81 + 0 + s/(-1) a prime number?
True
Let y(k) = -309*k + 92. Is y(-13) composite?
True
Let b(p) = -1256*p + 19. Let l be b(-8). Suppose 0 = 2*y + 4, 5*i - l = 2*y - y. Suppose -h = -2*n + h + 1332, -3*n - 2*h = -i. Is n a composite number?
True
Suppose 2*a - 2 = 3*y - 0*y, 5 = -4*y + 5*a. Suppose -325 - 928 = -h + 5*f, y = 4*f. Is h a composite number?
True
Let b(c) = 129*c**2 - 18*c + 70. Is b(5) a prime number?
False
Let z(d) = 20*d**2 - 17*d + 139. Is z(16) prime?
True
Let w(g) be the second derivative of -17*g**4 + g**2/2 - 2*g. Let a(u) = u**2 - u. Let c(i) = a(i) - w(i). Is c(-1) prime?
False
Suppose 0 = 14*z - 18*z + 3*m + 7793, m = 1. Is z a composite number?
False
Let y = 38 - 17. Suppose 0 = 18*n - y*n + 1905. Is n a composite number?
True
Suppose -106*d + 100*d = -120066. Is d prime?
True
Is 143014/(-4)*-1 - (-1)/(-2) composite?
False
Let q = 84 - -75. Is q a prime number?
False
Let p(c) be the third derivative of c**6/20 - c**5/60 + c**4/12 - c**3/6 + c**2. Let y = -11 - -13. Is p(y) a composite number?
False
Let w(o) = -o**3 + 26*o**2 + 45*o - 13. Is w(21) a prime number?
True
Let q be 27/36 + 2210/8. Suppose 0*z + u + 465 = 5*z, u + q = 3*z. Is -2 + 4 + z + 1 a prime number?
True
Let d be (1 - 2)/(2 - 3). Let p be 0/d + -5 + 3. Is 250*(-3)/(-6) - p a prime number?
True
Let a(x) = x**3 - 3*x**2 - 4*x + 4. Let d be (-8)/(-16) - 14/(-4). Let k be a(d). Suppose -k*o - 4*w = -56, 2*o = -w - 4*w + 43. Is o composite?
True
Let h(k) = -k**3 + 15*k**2 + 15*k + 14. Let b be h(16). Let j be b/(-3)*(-11799)/(-18). Let t = -310 + j. Is t a composite number?
False
Suppose 10*y = -3*c + 126168 + 57974, 5*c + 18393 = y. Is y a prime number?
True
Let c = -20105 - -32356. Is c composite?
False
Let z = 18 - 20. Is -157*z/(-4)*(3 + -5) a composite number?
False
Suppose 2*f - 95 - 53 = 0. Is f a prime number?
False
Is (94*(-24)/16)/(-1) a composite number?
True
Is (-316)/79 - 1170*(-9)/2 a prime number?
True
Let g be -1 + 4 + 1 + -12. Let l(j) = j**2 - 12*j - 10. Let t be l(g). Let r = 103 + t. Is r a prime number?
False
Let i(n) = -15*n - 9. Let b(a) = a - 1. Let p be b(-13). Is i(p) a composite number?
True
Let f(l) = -380*l - 731. Is f(-8) a prime number?
True
Let p = 42639 - -40940. Is p a composite number?
False
Let a(b) = b**2 - 25*b - 157. Is a(34) composite?
False
Suppose 3*p + 5 = 2*t, -t + 2 = p - 3. Suppose -4*f = k - 630, 3*f - 8*f - t*k = -793. Is f a prime number?
True
Suppose 18*b - 28327 = 5*b. Is b composite?
False
Let w(m) = -81*m**3 + 5*m**2 + 4. Let j be w(-4). Let x = j - 2341. Is x a composite number?
False
Let v be 1/(4/8)*14/(-4). Let r(y) = -26*y - 5. Is r(v) prime?
False
Suppose 0*k = k - 1875. Is (-13)/(-52) - k/(-4) a composite number?
True
Let z = 9463 + -2864. Is z a prime number?
True
Is (-21)/(-14)*(1 - (-2457 - 4)) composite?
True
Let t(n) = 2*n - 15. Let j = 24 - 14. Let z be t(j). Is 1018/z + 12/(-20) a prime number?
False
Let h(m) = 13*m**3 - 2*m**2 - 34*m - 1. Is h(6) prime?
True
Let f(g) = -4*g + 16. Let i be f(4). Suppose -q + 629 + 626 = i. Is q composite?
True
Let m(z) = -z**3 - 3*z**2 + 2*z - 5. Let p be m(-4). Suppose 5*r + 24 = -p*b, 0*b = -5*r + 5*b - 40. Is (34/r)/((-6)/36) a composite number?
True
Let r be 5 + (-4 - -6)/(-2). Suppose -r*x + 6356 = 5*y - y, -12 = -3*y. Is 2/12 - x/(-30) a prime number?
True
Suppose -6*m + 2*l = -m - 28135, 5*m - 28130 = l. Suppose 18*c = 74421 + m. Is c prime?
True
Let h(g) = -g**3 - 9*g**2 + 2*g + 13. Let p be h(-9). Is (-2 + 3)*p/((-5)/34) a composite number?
True
Suppose -s + 2*s + 14 = a, 0 = -5*a + s + 50. Suppose -a*q + 3*q = 24. Let u(v) = -v**3 + 3*v**2 - 2*v - 1. Is u(q) composite?
True
Let d(a) = -2*a**3 - 12*a**2 - 15*a + 24. Let b(n) = -n**3 + n**2 - n + 1. Let p(u) = 3*b(u) - d(u). Is p(15) prime?
False
Let t = 1905 - 1324. Suppose 3689 = 3*b + t. Suppose -3*d + 209 = -b. Is d a prime number?
False
Let w(l) = -8*l**3 - l**2 - 11*l + 13. Let v(t) = t - 1. Let i(r) = -6*v(r) - w(r). Is i(4) prime?
True
Let x = 1406 - 810. Suppose m - 3*z = 612, m - 2*m - z = -x. Let y = 1079 - m. Is y composite?
False
Let i = -664 + 1535. Is i a composite number?
True
Let g = 20879 + -14632. Is g composite?
False
Suppose -5*f + 5*p = 0, -5*f + 35 = -0